 g is divided by y(-47)?
49
Let f(q) = 3*q + 107. Let j be f(-26). Suppose -c + 52 = -0*c. Let p = c - j. Calculate the remainder when p is divided by 13.
10
Suppose 2*s - n = 3, n + 3 = -2*s + 12. Suppose -4*k = -s*k + 16. Let p = -12 - k. What is the remainder when p is divided by 3?
1
Suppose 0 = -z - 5*s - 32 + 249, -9 = -3*s. Let a(h) = 32*h - 55. Calculate the remainder when z is divided by a(3).
38
Let i = -3684 + 5760. Suppose i = 3*n + 255. Calculate the remainder when n is divided by 38.
37
Let b = -139 + 142. Suppose -2*d + b*d = 11. Calculate the remainder when 38 is divided by d.
5
Let u be 2 + 0/2 + 1*2. Suppose -4*w + 136 - 44 = -5*o, -16 = -u*o. Calculate the remainder when w is divided by 68/7 - 6/(-21).
8
Let q(m) = m**3 + 36*m**2 - 39*m + 13. Suppose 292 = -8*u - 4. Suppose -2*p + 47 = v, -5*p = -10*p + 4*v + 98. What is the remainder when q(u) is divided by p?
21
Suppose -8 = -5*o - 2*s - 3, -s - 14 = -3*o. Suppose 0 = 5*g + o*z - 67, 5*g - 2*z + 4*z = 63. Let w = -3 + g. What is the remainder when 14 is divided by w?
6
Suppose -10*r + 20 = -340. Let c(h) = h**2 - 5*h + 3. Let o be c(3). What is the remainder when -3*r/o*(-9)/(-6) is divided by 20?
14
What is the remainder when -2 - (1992/(6 + 2))/(-1) is divided by 129?
118
Let d(w) = 2*w**2 + 89*w - 651. What is the remainder when 160 is divided by d(7)?
20
Suppose 0 = 3*m - 1 + 7. What is the remainder when (-1 - -43) + m/(2 + 0) is divided by 11?
8
Suppose -c = 4*w + 12, -2*w + 22 = 2*c + 2*c. Suppose 34 = c*z + 634. Let r = z - -156. What is the remainder when r is divided by 28?
25
Let o(b) = -4*b**2 - 1 + 0*b**3 + 11 + 3*b + 5*b**3 - 4*b**3. What is the remainder when o(6) is divided by (5 + -6)/(1/(-17))?
15
Let g = 15236 - 15050. Calculate the remainder when 7438 is divided by g.
184
What is the remainder when (-296)/(-3)*780/208 is divided by 90?
10
Suppose n - 3*n + 470 = 2*t, 0 = -5*t - 3*n + 1175. Suppose -4*l + t = -3*o, -18*o + 145 = 3*l - 14*o. Calculate the remainder when 274 is divided by l.
54
Suppose b = -3*z + 17, 3*b - 102*z + 99*z = 123. What is the remainder when 45 is divided by b?
10
Let d(r) = 3*r - 2. Suppose 4313 + 22900 = 193*g. Calculate the remainder when g is divided by d(5).
11
Let l(j) = 2*j**2 + 62*j + 141. What is the remainder when l(-39) is divided by 373?
19
Let x(f) = 20*f + 9*f**2 - 5*f**2 - 9*f**2 + 4*f**2 - 78. Suppose 5 = 2*c - 3*z, -30 = -3*c - 4*z + z. What is the remainder when c is divided by x(14)?
1
Let r be 0 - (-8)/(-6)*3/(-2). Suppose -54 = -2*z - 3*j + 6*j, 4*j - 54 = -r*z. Suppose -z = n - 35. Calculate the remainder when 38 is divided by n.
6
What is the remainder when 7747 is divided by ((-36)/15)/((-294)/(-105)) + (-894)/(-14)?
61
Let b = 585 - 357. Suppose -39*l + 33*l + b = 0. Calculate the remainder when l is divided by 11.
5
Suppose -8*m = -17*m. Suppose 0*c + 2*c = -m*c. Suppose h + c*h = 39. Calculate the remainder when h is divided by 10.
9
Let k = -7 + 10. Suppose 8*b = 3*b - 4*r + 129, -b + 22 = -k*r. Suppose 3*q = b + 14. What is the remainder when q is divided by 3?
1
Let f(i) = 3*i. Let m be f(1). Suppose -m*o + 77 - 20 = 0. Suppose -3*w + 3 = -0, b + 5*w - 115 = 2*w. Calculate the remainder when b is divided by o.
17
Suppose 0 = -n - n + 156. Let b = -73 + n. Let f(o) = -o**2 - 8*o - 3. Calculate the remainder when f(-3) is divided by b.
2
Let f = -54 - -33. Let j(g) = 28*g**2 + 4*g + 2. Calculate the remainder when j(-1) is divided by f*(-3 + 7/3).
12
Calculate the remainder when (-16)/26 + 587448/936 is divided by 356.
271
What is the remainder when (48 + -32)/(1/9 + (-20)/(-630)) is divided by 105?
7
Let z = 17460 - 17376. What is the remainder when 365 is divided by z?
29
Let w = 1031 + -644. Let c = -2 - -15. What is the remainder when w is divided by c?
10
Let q(x) = x + 12. Let v be q(-5). Let r(i) = -i**3 + 7*i**2 + 5*i - 9. Suppose -2074 = -2*w - 1768. What is the remainder when w is divided by r(v)?
23
Suppose 2492 = -8*q - 2*h + 7476, -q + 644 = -5*h. What is the remainder when q is divided by 114?
54
Let u(m) = -105*m - 1248. Let p(a) = 12*a - 2. Suppose 4*v + 18 = -f, 2*v - 4 = 3*f + 4*v. What is the remainder when p(f) is divided by u(-12)?
10
Suppose -3*g = -g - 16. Let d be 65/30 - 3/18. Suppose -2*r - s + 30 = 0, r - 20 - d = -4*s. What is the remainder when r is divided by g?
6
Let v be (-22)/2 + (-6 - -13). Let x(o) = 15*o**2 + 41*o + 184. What is the remainder when x(v) is divided by 44?
40
Let i be (-4)/(-22) + 18/22. Suppose -28*v - 14*v + 504 = 84*v. Calculate the remainder when 9 + i*(1 + 0) is divided by v.
2
Suppose 0 = -5*i + 28 + 147. Suppose -t - 25 = -3*o + i, 80 = 4*o - 2*t. Let m = -16 + o. What is the remainder when 6 is divided by m?
2
Suppose -f = 5*q + 4*f - 90, 3*q - 75 = 4*f. Suppose -q - 19 = -8*m. Let c(i) = -6*i + 40. What is the remainder when 68 is divided by c(m)?
8
Let i(s) = 15*s**2 + 17*s + 2. Let h be i(-2). What is the remainder when 124 is divided by 692/h - ((-148)/28 + 5)?
24
Let l = -294 + 505. Let j = 249 - l. Calculate the remainder when 201 is divided by j.
11
Let t(h) = 11*h**3 + 3*h**2 + 22*h - 68. Calculate the remainder when t(3) is divided by 159.
4
Suppose -38*s + 8 = -34*s. Suppose p - s*l = -l + 169, 3*l = -p + 161. What is the remainder when p is divided by 17?
14
Let c(s) = 22*s + 8. Let h be c(4). What is the remainder when 979 is divided by (h - (-7 - -2)) + -1*3?
97
Let u(j) = -51*j + 1095. Suppose 5*r + 4*g + 0*g - 67 = 0, 3*g = -r + 20. Let w = r + 36. Calculate the remainder when w is divided by u(21).
23
Suppose -26256 = -28*p - 20*p. Calculate the remainder when p is divided by 46.
41
Let h = -23650 - -23662. Let u(b) = -b**3 - 2*b**2 - 5*b + 3. What is the remainder when u(-4) is divided by h?
7
Let a be 13 + 4 + 0 - 3. Let w be -1*(0/1)/(a/(-7)). Suppose w = b - 0*b - n - 65, -4*b = -2*n - 260. Calculate the remainder when b is divided by 34.
31
Let h(b) = b**3 + 22*b**2 + 21*b + 4. Let r be h(-21). Suppose -46 = r*x + 50. Calculate the remainder when 0 + (x/(-2))/3 is divided by 1.
0
Suppose -4*m + 22470 = 15322. What is the remainder when m is divided by 128?
123
Let o(f) = -4*f**3 + 7*f**2 + 10*f - 15. Calculate the remainder when 1173 is divided by o(-2).
23
Calculate the remainder when (-2155)/(-10)*2/1*(3 - 0) is divided by 428.
9
Let r(k) = -k**3 + 12*k**2 - 99*k + 651. Calculate the remainder when 994 is divided by r(8).
74
Suppose -1582*v + 1570*v = -132. Suppose 0 = 4*h - 0*h - 348. What is the remainder when h is divided by v?
10
Let n(p) = p**2 - 4*p - 22. What is the remainder when n(8) is divided by -1*8/(24/(-9))?
1
Let g = 35 - -5. Suppose 2*r - 4*r + 66 = 0. Calculate the remainder when (g/25)/4 - (-976)/10 is divided by r.
32
Suppose -1565 = -20*s - 140 + 375. Calculate the remainder when 336 is divided by s.
66
Suppose -2*r = 5*y - 53, 8*r - 2*y = 11*r - 85. Suppose r*x - 693 = 5368. Calculate the remainder when x is divided by 2/(-4) + 58/4.
13
Let m(d) = 18*d + 1203. What is the remainder when m(11) is divided by 26?
23
Let s be (3 - 5) + (-1 - 14). Let o(h) = h**2 + 11*h. Calculate the remainder when o(s) is divided by 22.
14
Let c(k) = -15*k**2 + 116*k - 15. Suppose -o - 5*t = -116, 4*t - 9*t = 5. What is the remainder when o is divided by c(7)?
59
Let f = -17 - -24. Let j(o) be the second derivative of -o**5/20 + 7*o**4/12 + 5*o**2 + 11*o. What is the remainder when 26 is divided by j(f)?
6
Let v(s) = -8*s**2 - s + 2. Let t be v(6). Let a(p) = -10*p - 132. Let r be a(-12). Calculate the remainder when t/r*2 - 2/(-6) is divided by 17.
15
Calculate the remainder when 1/((-75)/(-93030)) + 7/(-5) + 1 is divided by 178.
172
Suppose -169*r + 1914 = -111*r. Suppose 0 = 5*b + a - 278 - 214, 0 = 4*a - 8. Calculate the remainder when b is divided by r.
32
Let h(u) = 4*u**2 - 17*u + 38. Let m(s) = 11*s**2 - 50*s + 114. Let a(l) = 8*h(l) - 3*m(l). Calculate the remainder when 48 is divided by a(10).
0
Let s(p) be the second derivative of 8*p**3/3 - 17*p**2 - 6*p. Let n be s(19). Suppose -2*f + 8*f = n. What is the remainder when f is divided by 7?
3
Let d(m) = 7*m**3 - 6*m**2 - 6*m + 2. Calculate the remainder when 243 is divided by d(3).
5
Suppose 23*l - 69 = 46. Suppose 11*r - a + 2092 = 15*r, 3*a = l*r - 2632